 4*t - 2. Let z be c(-2). Let u be (-6)/12*(-16 + z). Suppose -u = -g - 4*a + 27, -g = -a - 14. List the prime factors of g.
2, 3
Let d(n) = -n**2 - 2*n + 1. Suppose -4*t = -3*t + 4. Let s be d(t). Let f = s - -9. What are the prime factors of f?
2
Suppose 0 = -4*a + 44 + 748. What are the prime factors of a?
2, 3, 11
Let c = 9 + 71. Let v = c - 34. What are the prime factors of v?
2, 23
Let s be (146/4)/(2/4). Let i = 52 + -50. Suppose -i*l + s = 3*q, -l - 3*l - 16 = 0. List the prime factors of q.
3
Suppose 3*v = 4*l + 5859, v - 14*l - 1934 = -19*l. List the prime factors of v.
1949
What are the prime factors of (-134)/(1/4*-4)?
2, 67
List the prime factors of 520806/220 + 3 + 6/(-20).
2, 3, 5, 79
What are the prime factors of (-2 + 3216/(-9))*-3?
2, 7, 11
Let n(f) = f**3 + 29*f**2 - 5*f + 26. List the prime factors of n(-9).
19, 89
Let m = 10 - 10. Let t(o) be the third derivative of o**5/60 + o**4/24 + 11*o**3/3 + o**2. What are the prime factors of t(m)?
2, 11
Let g = 6 + 3. What are the prime factors of (g + 1)/((-30)/(-75))?
5
List the prime factors of (2715/2 - -9)*2.
3, 911
Suppose -2*o + 868 = 2*o. Suppose 0 = -g + 2*x + 2*x + o, 0 = -4*g - x + 902. What are the prime factors of g?
3, 5
Let n(w) = 0*w - 3*w + 0*w + w**2 - 8. Let g = 117 + -111. List the prime factors of n(g).
2, 5
Let k = -29 + 25. Let q be (2/k)/((-4)/16). Suppose -3*o = -5*y - 72, -4*o + 120 = o - q*y. List the prime factors of o.
2, 3
Let u(g) = -16*g**2 + 4*g - 3. Let j be u(1). What are the prime factors of -1 - (-174 - j/3)?
2, 3, 7
Let k(s) be the second derivative of 37*s**3/3 - 3*s**2 - 32*s. What are the prime factors of k(1)?
2, 17
Let b(q) = q**3 - 2*q**2 - 9*q + 3. Let l be b(-4). Let w = 114 + l. What are the prime factors of w?
3, 19
Suppose 0*j - 318 = -j + 4*g, 3*j + 3*g = 999. What are the prime factors of j?
2, 3, 5, 11
Let x be 2/(-4) - 1/(-2). Suppose -5*h - 25 = 0, -4*h + x = -3*u + 35. List the prime factors of u.
5
Let v = -83 - -1143. What are the prime factors of v?
2, 5, 53
Let o(t) = t**3 - 2*t**2 + 4*t - 5. Let d be o(2). Suppose 240 = d*x + 39. What are the prime factors of x?
67
Let s be 3/5*(1 + 4). Suppose -135 = -s*b + 105. Suppose 5*l - b - 55 = 0. List the prime factors of l.
3
Suppose 3 = 3*l, 0*l - 11 = -5*y + 4*l. Suppose -12 = -y*t + 3. Suppose 2*z - 1 = t. What are the prime factors of z?
3
Let n(a) = -2*a + 65. Let d be n(23). Let p = 173 + d. What are the prime factors of p?
2, 3
Let s(g) = -g**3 + 15*g**2 + 67*g - 12. What are the prime factors of s(18)?
2, 3, 37
Suppose 3*y - 6558 = -834. What are the prime factors of y?
2, 3, 53
Let u be (-5)/(1/(0 + -17)). Suppose -u = 5*o - 10*o. Suppose 3*b - o = 25. What are the prime factors of b?
2, 7
Let b(j) = 6*j**2 + 36*j + 101. List the prime factors of b(-25).
13, 227
Suppose -12*c + 10*c + 7296 = 0. What are the prime factors of c?
2, 3, 19
Suppose -5*w = -4*x - 10*w + 37, w = -x + 8. List the prime factors of 54/(-81) - (-230)/x.
2, 19
Let i = 1112 - 767. Suppose -z - 5*x - 339 = -3*z, -2*z + 3*x + i = 0. List the prime factors of z.
3, 59
Suppose 30 + 10 = 10*u. Suppose 4*n - 5*z - 465 = -0*z, 3*n - 372 = -u*z. What are the prime factors of n?
2, 3, 5
Let c = -28 - -24. Let n be 3/((-50)/(-12) + c). What are the prime factors of 536/n - (-12)/54?
2, 3, 5
Let g = -90 - -164. Let j = 174 - g. What are the prime factors of j?
2, 5
Let x(c) = -2971*c - 23. List the prime factors of x(-1).
2, 11, 67
Let x(l) = 2*l - 20. Let y be x(14). Suppose 2*d - 384 = -4*i, -275 = -3*i + y*d - 3*d. What are the prime factors of i?
5, 19
Let c = 0 - 4. Let o(m) = -m**3 - 3*m**2 - 5*m - 2. Let n(u) = -u**3 - 4*u**2 - 5*u - 2. Let y(q) = -4*n(q) + 3*o(q). List the prime factors of y(c).
2, 3, 5
Suppose -2703 - 147 = -6*u. Suppose -u = -4*j - 3*l, 0 = j - 3*l - 36 - 94. List the prime factors of j.
11
Suppose 11901 = 12*a - 17319. List the prime factors of a.
5, 487
Let z(h) = 41 + h - h - h**3 + h. What are the prime factors of z(0)?
41
Let r(y) = 168*y**2 + 4*y - 12. What are the prime factors of r(2)?
2, 167
Let a = 10 + -7. Suppose -4*z - a*t + 964 = 0, -3*z + 8*z - 1205 = 4*t. Suppose 5*p - z = 24. What are the prime factors of p?
53
Suppose -23 = 3*p - 8. What are the prime factors of -10*((-10)/(-15))/(p/141)?
2, 47
Suppose 2 = i, -2*w + 4770 = -3*i + 8*i. List the prime factors of w.
2, 5, 7, 17
Let q(x) be the first derivative of 37*x**2/2 - 10*x - 4. List the prime factors of q(2).
2
Let m(a) = -19*a + 13. Let l be m(3). Let h = 62 + l. List the prime factors of h.
2, 3
Let t be 8/20 - 108/(-5). Suppose 4*g + 2 = t. Suppose -4*b + 32 = -g*r, -6 + 2 = -4*b - 2*r. What are the prime factors of b?
3
Let w(i) = 1137*i**2 + i - 2. What are the prime factors of w(1)?
2, 71
Suppose 26*g - 2190 = 20*g. Let y = g - 247. List the prime factors of y.
2, 59
Let b(d) = d**2 + 4*d - 1. Let k be b(-6). Let y = 14 - k. Suppose -32 = -4*w - 4*s + 4, 0 = 4*w - y*s - 71. What are the prime factors of w?
2, 7
Let k(c) = 352*c**2 - 6*c + 28. What are the prime factors of k(3)?
2, 7, 227
Let s be (-3)/2*16/(-3) + -3. Suppose -s*u = -28 - 57. What are the prime factors of u?
17
Suppose 4*w - 12 = w. Suppose 2*y - 4*d = d + 101, 160 = 4*y + w*d. What are the prime factors of y?
43
Let h(u) = -6*u**2 + 17*u - 21. Let n(z) = 5*z**2 - 16*z + 20. Let l(c) = -4*h(c) - 5*n(c). What are the prime factors of l(7)?
19
Suppose -29 = -4*j + 5*g, 0*g - 18 = 2*j + 4*g. Let u be 6 + (0 - 3) - j. Suppose -u*m + 3*m = 13. What are the prime factors of m?
13
Let v be 6*(4 - 20/8). Suppose 10*b - 50 = v*b. Suppose 4*k = -c + b - 13, -5*c = k - 185. What are the prime factors of c?
37
Let j = -57 - -139. Suppose -5*y + y = -g - j, -4*y - g + 86 = 0. What are the prime factors of y?
3, 7
Let w be 1/4 - 35/(-20). Suppose 2 = w*k + 6. Let d = k - -12. List the prime factors of d.
2, 5
Suppose -1 = -5*s + 39. Let u = -17 + s. Let w = 3 - u. What are the prime factors of w?
2, 3
Suppose 3*k = -2*k + o + 98, 2*o = -5*k + 104. Suppose 4*a + 5*d = 3*d + 12, -4*a - 4*d = -k. What are the prime factors of (1 - -5)/a + -3?
3
Let t = 271 - 220. List the prime factors of t.
3, 17
Suppose -6 - 10 = -4*f. Suppose -140 = f*o - 6*o. What are the prime factors of o?
2, 5, 7
Let d be (-33)/(-9) - -2 - 6/9. Let s be 0 - 0 - (-1 - 1). List the prime factors of (2 + (s - 1))*d.
3, 5
Suppose -4*h - 16 = 3*i - 4*i, 4*i = 0. Let v = -6 - h. List the prime factors of v/(-4) + (-161)/(-14).
2, 3
Suppose 5*m + d = -2*d + 24, -9 = -2*m - d. Suppose -4*k = -m*k - 115. What are the prime factors of k?
5, 23
Suppose 45509 = 19*g - 20839. List the prime factors of g.
2, 3, 97
Let k = -3 - -7. Suppose -q - 5 = 0, k*q - 13 - 10 = -r. What are the prime factors of r?
43
Let d be 1/((-1)/(-36)) + 3. Let k = 82 - d. What are the prime factors of k?
43
Let t(u) = -3*u**2 - 4*u + 4. Let h(d) = 2*d + 2 + d**2 - 4 + 0*d. Let n(w) = -10*h(w) - 4*t(w). What are the prime factors of n(4)?
2, 5
Suppose 0 = 4*s - 0*s - 4*z - 20, -7 = -s + 3*z. Suppose -2*h - 38 = 2*r, -3*r + s*h - 4 = -2*r. What are the prime factors of 4/r - (-351)/12?
29
List the prime factors of (-115)/(-2)*142/355.
23
Let l = 2545 - 208. List the prime factors of l.
3, 19, 41
Let m(w) be the second derivative of 5*w**3/3 + 11*w**2/2 + 22*w. What are the prime factors of m(6)?
71
Suppose -2*o + 5*l - 3*l + 42 = 0, -4*o + 84 = 2*l. Let q = 5 + o. List the prime factors of q.
2, 13
List the prime factors of (738/(-5))/(((-126)/(-45))/(-7)).
3, 41
Let l(c) = -c**3 - 1427*c**2 + 1436*c**2 + 4 - 17 + 3*c. Suppose -4*q + 16 = -20. List the prime factors of l(q).
2, 7
Suppose -f - 5 + 7 = 0. Suppose v - f + 1 = 0. What are the prime factors of (v/3)/(8/552)?
23
Let g = 50 + -23. Let x = g - 63. Let k = x - -61. List the prime factors of k.
5
Suppose 5*z + w = 747, 4*z - 2*z + 3*w - 291 = 0. Let p = -478 + z. What are the prime factors of (1/2)/((-4)/p)?
41
Suppose 4*u = 7371 - 955. List the prime factors of u.
2, 401
Let g(c) = -15*c + 270. List the prime factors of g(0).
2, 3, 5
Suppose -4*n = 3*s - 5, -3*s = -3*n + 2*n + 20. Let w(d) = -d**3 + 7*d**2 + 3*d - 7. List the prime factors of w(n).
2, 29
Suppose 5*c - 2*c - 2*t = 2746, -4*t - 1828 = -2*c. List the prime factors of c.
2, 229
Suppose -6*n = 436 